e the greatest common divisor of 70 and p.
5
Suppose s - 24 = 3*b, 0 = -2*s - 4*b + 2 + 16. Let a = 83 + -53. What is the highest common divisor of s and a?
15
Let r = 1845 + -1773. What is the greatest common factor of 9 and r?
9
Let n = -31 + 31. Suppose 10*s = -n*s + 30. Let j be (-7)/(-2) + 1 + (-13)/(-26). What is the greatest common factor of s and j?
1
Suppose 0 = -34*c - 5*c + 585. Let v(j) = j**2 + 4*j + 3. Suppose m - 6 = -12. Let p be v(m). What is the highest common divisor of p and c?
15
Suppose 5731*n - 6283 = 5670*n. Calculate the greatest common divisor of 9476 and n.
103
Let d(y) = -16*y + 804. Let z be d(34). Calculate the greatest common divisor of z and 2470.
130
Suppose 152*h = 110*h + 3780. What is the highest common factor of 24 and h?
6
Suppose -20*j + 1800 = -38*j + 24*j. Calculate the greatest common factor of 78 and j.
6
Suppose -15*t + 386 = 251. Calculate the greatest common divisor of t and 246.
3
Suppose -3*p + 78 = 3*i - 0*p, 0 = 3*p - 15. Suppose -3*h = -i + 15. Let q(j) = -j**2 + 7*j - 8. Let y be q(h). What is the highest common factor of 4 and y?
2
Suppose 0 = -22*m + 36*m + 3612. Let o = m - -280. What is the highest common divisor of o and 55?
11
Let n(m) = 11857*m - 145. Let p be n(1). Calculate the highest common divisor of 48 and p.
48
Suppose o + 43 - 25 = 62. What is the greatest common factor of 4532 and o?
44
Let w be 9229/44 - (-18)/72. Calculate the highest common divisor of w and 5355.
105
Let s(l) = -2*l**2 - 14*l - 12. Suppose 11*y - 56 = -100. Let k be s(y). Calculate the greatest common factor of k and 60.
12
Let q(k) = -k**3 - 24*k**2 - 80*k - 1785. Let m be q(-25). Calculate the greatest common factor of 3192 and m.
168
Suppose 26*w - 17322 = 62940. What is the greatest common factor of 36 and w?
9
Let w be (-69 + 4)*4/(-10). Let m = -23 + w. Suppose -5*r + m*y + 1316 = -19, r - 239 = -5*y. Calculate the highest common divisor of r and 24.
24
Let k be (4/2 + 10)*(5 + (-195)/(-10)). What is the greatest common factor of 714 and k?
42
Suppose -6*p - 6*b = -p - 244, 5*b - 26 = -p. Calculate the highest common factor of 2408 and p.
56
Suppose 4*t = -3*g + 845, -17*g - 885 = -4*t - 12*g. Suppose 2*r - t = 4*u + 281, 0 = 2*r + 5*u - 532. What is the greatest common divisor of r and 32?
32
Let c(n) = 11*n**2 - 49*n + 14. Let u be c(11). Calculate the greatest common divisor of 434 and u.
62
Suppose -2*f - 78 = -4*o, -4*f + 82 = -7*f - o. Let d = f - -109. Let g be 20*(1 + 3 - 3). Calculate the greatest common divisor of d and g.
20
Let c be (2/2 - 0)/(-2 + 3). Let f be (0 - 3)*c - (-17 + -2). Calculate the highest common factor of 80 and f.
16
Let p = 4299 + -3749. What is the greatest common divisor of 198 and p?
22
Let z(r) = 9*r**2 + 24*r. Let u be z(-3). Suppose -352 = -17*v + u*v. Calculate the highest common divisor of 4 and v.
4
Let o = 2021 - 938. Calculate the greatest common divisor of 57 and o.
57
Suppose -3*h + 3074 = d, 504*h - 506*h + 2032 = 5*d. What is the greatest common factor of 798 and h?
114
Let p(l) = 1106*l + 511. Let c be p(0). What is the highest common factor of c and 189?
7
Let f(x) = x**3 - 12*x**2 - 13*x + 5. Let o be f(13). Let l be 4/o + (-11)/(-5). Suppose 854 - 152 = l*p. What is the greatest common divisor of 26 and p?
26
Let b = 135 + -180. Let y be 4/(20/b)*-2. What is the greatest common factor of 4 and y?
2
Suppose 495*v - 497*v = 338. Let r = v - -196. Calculate the greatest common divisor of r and 3.
3
Suppose -29*t - 846 = -31*t. Calculate the greatest common factor of t and 9.
9
Let p = 10 + 160. Suppose 4*t - 182 = p. Suppose 18 = 3*l - 15. Calculate the greatest common factor of l and t.
11
Suppose -7*d + 780 = -4*d. Suppose -9*x - 4*c - 196 = -13*x, -15 = -5*c. What is the greatest common divisor of d and x?
52
Suppose 8*f - 3*f = 4485. Let s = -22518 + 22557. Calculate the greatest common divisor of s and f.
39
Let l be (-1 + 6/(-24))*(-5 - 11). Suppose 105*f = 100*f + l. Calculate the greatest common factor of 86 and f.
2
Let x be (-30)/(-10 + 4) + -8. Let r(l) = -l**3 + l**2 - 5*l - 6. Let t be r(x). Let f be ((-6)/4)/((-1)/12). Calculate the highest common divisor of f and t.
9
Suppose -48*w + 39*w = 1089. Let a = 153 + w. What is the highest common divisor of 64 and a?
32
Suppose -64*s + 2570 = -1068 - 2506. Calculate the greatest common divisor of 78 and s.
6
Suppose 0 = 44*p + 93 - 269. Let z(n) = 13*n + 16. Let m be z(p). What is the greatest common factor of 34 and m?
34
Let x be (-159)/(-265) - 37/(-5). Let s be ((-784)/35)/x*(-30)/4. Calculate the greatest common divisor of 3 and s.
3
Suppose 0*l = -3*u + 3*l + 21, 5*u - l - 39 = 0. Suppose -u*i + 2*r + 19 = -7*i, -3*r = -12. Calculate the highest common divisor of i and 12.
3
Let q = -31 + 58. Let f(l) = -2*l - 50. Let s be f(-20). Let r be ((-108)/(-10))/((-4)/s). What is the greatest common factor of q and r?
27
Suppose 0 = 29*b - 34*b + 1650. Let t = b - 249. What is the highest common factor of t and 54?
27
Let q = 89 - 32. Let r = 39 - 34. Suppose -v = -3*y + 185, y + 0*v - r*v - q = 0. What is the greatest common divisor of y and 31?
31
Let u = 341 + -609. Let z = u + 278. Calculate the greatest common divisor of z and 90.
10
Let n be (-2*6)/(-3)*(-140)/(-7). Suppose 0 = -18*b + 2024 - 224. What is the highest common divisor of b and n?
20
Let w = 167 + -168. Let b be (-11)/(4 - 15/3) - w. What is the greatest common divisor of 32 and b?
4
Let s be (-48)/(-18) + 1 + 4/3. Let d be 2/(s/860*8). What is the greatest common divisor of d and 387?
43
Suppose 0 = 231*a - 232*a + 5, -4*p + 3832 = -4*a. Calculate the greatest common factor of 1819 and p.
107
Suppose 0 = -4*w - 13 + 205. Suppose -4*q + 297 = -g + 13, -4*q = -2*g - 280. Let u be (85/(-51))/((-10)/q). What is the highest common divisor of u and w?
12
Let a(l) = -14*l**3 - 5*l**2 - 8*l + 18. Let o be a(-8). Suppose o = -52*s + 87*s. What is the highest common divisor of s and 90?
18
Let h be 6*(-3)/(18/(-154)). Let u be (-2 + 270)*(6 - 5) - 3. Suppose u*d + 66 = 268*d. Calculate the highest common divisor of h and d.
22
Let b = -600 + 1656. Suppose -5*l + b = 28*l. What is the greatest common divisor of l and 1?
1
Suppose -46351 = -73*d + 58112. What is the greatest common factor of 1113 and d?
159
Let m(h) = 2*h - 5. Let v be m(-7). Suppose 0 = 6*i + 88 + 74. Let r = v - i. What is the highest common divisor of r and 2?
2
Let k = -2369 - -2449. Calculate the highest common factor of 944 and k.
16
Let h be 3 - (18*(-19)/(-1710) - 3391/5). What is the highest common divisor of 5902 and h?
227
Let d = -22 + 31. Suppose 151 = -5*p + 3*p - 3*y, 3*p - 6*y + 258 = 0. Let q be -4 + (140/28 - p/1). Calculate the greatest common divisor of d and q.
9
Let o(i) = -30*i - 176. Let p be o(-6). What is the greatest common divisor of 2976 and p?
4
Let u be (-14)/14 - (-4 - -3). Suppose u = 19*p - 58*p + 15015. Suppose 0*h - 35 = -h. What is the greatest common divisor of p and h?
35
Suppose -27*l = 689 - 1229. What is the greatest common factor of 524 and l?
4
Let l = -25 + 27. Suppose l*b - 35 = -29. Suppose -47 = -b*m - 2. Calculate the highest common factor of 10 and m.
5
Suppose 0 = -3*h - 6 + 12. Suppose -h*z - 2*s + 34 = 0, 5*z + 7*s - 82 = 3*s. What is the highest common factor of 21 and z?
7
Let q(j) = 5*j**2 + 38*j - 112. Let g be q(-11). Let n be (9 - 3 - 3)*1. Suppose 0*m - 45 = -n*m. Calculate the highest common divisor of g and m.
15
Let i(f) = 4*f**2 + 77*f + 25. Let g be i(-19). Let a(m) = 8*m - 14. Let t be a(g). What is the highest common divisor of t and 2?
2
Let c be ((-3)/12)/1 - (-1)/4. Suppose -w + 79 - 53 = c. Let v be (-386)/(-10) - (-4)/10. Calculate the highest common divisor of w and v.
13
Suppose -3*w = -2*d - 0*w + 20, 5*w + 24 = d. Suppose -5 = -d*k + 7. Let z be 1/k*(623 + 2 - -2). What is the greatest common factor of z and 19?
19
Let y(b) = -304*b - 291. Let a = -366 + 360. Let t be y(a). Calculate the highest common factor of 21 and t.
21
Suppose -256 - 614 = -6*g. Let x = 380 - g. What is the greatest common divisor of x and 5?
5
Let q be ((-18)/(-33) + (-3175)/275)*-307. What is the highest common divisor of q and 11?
11
Suppose -11*u - 198 = -3*a - 13*u, 0 = 4*a - u - 253. Suppose 13 = g + 3*c - 2, 0 = -2